Suppose 0 = -5*g - 3*y - 51, -5*g - 41 = -5*y - 6. Suppose 16*u + 2*j + 25 = 17*u, 2*u - 47 = 3*j. Let d = u + g. List the prime factors of d.
2, 5
Suppose -3*v + 8*v + 5*m = -95, -87 = 3*v - 3*m. What are the prime factors of 40/v*(3 - 6)?
5
Let l(k) = -5*k - 26. Let m be l(-6). What are the prime factors of 18/4*8 + m?
2, 5
Suppose -t - 2*t + 4*c = 44, -5*t + 4*c = 68. Let j(s) = s**2 + 10*s + 17. What are the prime factors of j(t)?
41
Let a be (((-160)/(-12))/(-4))/(2/(-6)). Suppose -2 = y - z, 3*y + 2*z - a = 2*y. List the prime factors of y.
2
Suppose v - 1214 = 3*u - 6703, -7297 = -4*u - 3*v. What are the prime factors of u?
2, 457
Let c = 129 + -129. Suppose c = 12*o - 10*o + 2*d - 256, o - 5*d - 128 = 0. What are the prime factors of o?
2
Let i(o) = o**3 - 92*o - 38. What are the prime factors of i(12)?
2, 293
Let w(t) = 6*t + 47. Let h be w(-8). Let x be (-19)/(-2) - (-3)/(-6). List the prime factors of (32/(-12))/(h/x).
2, 3
Let m(u) = -u**3 - 3*u**2 + u + 1. Let f be m(-3). Suppose 3*n + 44 = -4*s, 4*n - 2*s - 3*s + 7 = 0. Let z = f - n. What are the prime factors of z?
2, 3
Suppose 11 = -2*m - c, -2*m - 28 = -3*c - 5. Let i(w) = w + 0 - 6*w + 4. List the prime factors of i(m).
3, 13
Suppose 20*s = 22*s - 400. List the prime factors of s.
2, 5
Let r(k) = -k**3 - 13*k**2 - 21*k + 23. Let v be r(-10). Suppose 2*c + 3*c - 470 = 0. Let b = c + v. List the prime factors of b.
3
Let r = 36 + -30. Suppose 0 = -r*g + g + 10. Let o(k) = 36*k - 5. List the prime factors of o(g).
67
Let n = -187 + 466. List the prime factors of n.
3, 31
Let y(j) be the second derivative of j**3/2 + j. Let k be y(3). Suppose 0*i - 3*i + k = 0. List the prime factors of i.
3
Suppose -i + 57 + 755 = 0. Suppose 5*x - 1133 - i = -b, 0 = -4*x - b + 1555. What are the prime factors of (-9)/24 + x/16?
2, 3
Let q be (-1892)/(-10) - ((-4)/(-20) - 0). Suppose 14*j = 21*j - q. List the prime factors of j.
3
Suppose 5*p + 5*a + 50 = 0, -27 = 5*p - 4*a + 5. What are the prime factors of ((-6)/p)/((-6)/(-312))?
3, 13
Suppose 792 = 4*n - 4*u, 2*u = n + 2*n - 598. Suppose -3*c = 2*f - n, -2*f + 5*c + 211 = 25. What are the prime factors of f?
2, 7
Let u(h) = 11 + 51*h - 22*h + 20*h - 11*h. What are the prime factors of u(2)?
3, 29
List the prime factors of (-6)/((10/625)/(3/(-5))).
3, 5
Let p = 437 - -49. What are the prime factors of p?
2, 3
Suppose 21*x = 10*x + 2640. What are the prime factors of x?
2, 3, 5
Let o(w) = -3*w - 1. Let k(j) = -j**2 + j. Let z be k(3). Let a(v) = -v**3 - 6*v**2 - 4. Let u be a(z). List the prime factors of o(u).
11
Suppose -160 = -m + 142. Let a = -48 + m. What are the prime factors of a?
2, 127
Suppose 2*y + h = -2*y + 39, -4*h + 35 = 5*y. Let v(j) = -j**2 + 26*j - 8. What are the prime factors of v(y)?
157
Let g(x) = x**2 - 19. Let m be g(-14). Suppose m = 5*h - 493. What are the prime factors of h?
2, 67
Let p(h) = -5*h + 5*h + 2*h + 15 - h. List the prime factors of p(8).
23
Suppose 34*u = 30*u + 184. Suppose -4*a + 2 + 6 = 0. Suppose 0*w - 3*w + 48 = q, -4*w - u = -a*q. List the prime factors of q.
3, 11
Suppose -5*c + 40 = -u, 40 = 5*c - 3*u + 5*u. Let g be (-1)/((12/c)/(-3)). List the prime factors of 4/g*15/6.
5
Let c(d) = -d**2 + 7*d - 8. Let b(k) = 6*k + 1. Let r(w) = -5*w - 1. Let a(n) = -2*b(n) - 3*r(n). Let q be a(1). What are the prime factors of c(q)?
2
Let g be 135/21 - (-3)/(-7). Suppose -g*j + 2*j = -96. List the prime factors of j.
2, 3
Let f = 60 + -58. List the prime factors of (f + -1)*-2*(-2338)/28.
167
Let q(x) = -x + 26. Let p be q(21). Suppose 2*y - 51 = 77. Suppose 0 = 4*w + 4*f - 0*f - y, p*w - 3*f = 64. List the prime factors of w.
2, 7
Suppose -235*u + 2580 = -231*u. List the prime factors of u.
3, 5, 43
Let y = 8 + -5. Suppose 0*f + 4*f = -s + 58, -167 = -4*s - y*f. Suppose 4*m + s = 178. What are the prime factors of m?
5, 7
Suppose -95 = -8*g + 13*g. Let c(d) = d**2 + 20*d + 19. Let u be c(g). Suppose -144 = -6*n - u*n. What are the prime factors of n?
2, 3
Let h(o) = -o**2 - 11*o - 6. Let s be h(-10). Let b(j) = 1 + 6*j - 2*j + 6. List the prime factors of b(s).
23
Let b(z) = z**2 - 6*z + 1. Let q be b(6). Let t be (-3 + q)*(-5)/10. What are the prime factors of ((-8)/8)/(t/(-27))?
3
Let y = -174 + 83. Let g = y + 161. List the prime factors of g.
2, 5, 7
Let w(v) = 2*v**2 - 2*v - 5. Let m = 24 + -19. List the prime factors of w(m).
5, 7
Let a be ((-3)/(-12))/(2/24). Let d be -1 - ((-5 - 0) + a). Suppose 0 = -2*l + 47 - d. What are the prime factors of l?
23
Let k(d) = 18*d**2 - 59*d - 203. What are the prime factors of k(-10)?
3
Let k be (-5)/10 - 5/(-2). Let c be (-6)/k - (4 - 9). Suppose 3*j - 2*q = 72, -j = -c*j - q + 24. List the prime factors of j.
2, 3
Let i be 34/4 - 130/52. Let h(o) = o**2 + 10*o - 8. List the prime factors of h(i).
2, 11
Let k = -437 - -1553. List the prime factors of k.
2, 3, 31
Let n be 1/(-3)*3 - -70. Let t = n - 42. List the prime factors of t.
3
Let m = -91 - -188. Suppose 7*o + m = 8*o. List the prime factors of o.
97
Suppose -721*v = -714*v - 27174. List the prime factors of v.
2, 3, 647
Suppose -5*t = 4 - 9. Let a(g) = 129*g. What are the prime factors of a(t)?
3, 43
Suppose -151*o = -148*o - 3051. List the prime factors of o.
3, 113
Let r = -4734 - -8326. List the prime factors of r.
2, 449
Suppose -2*q = -0*q - 4*r + 10, -5*r + 5 = -4*q. Suppose -2*f - q*b = -90 - 159, 5*b + 336 = 3*f. List the prime factors of f.
3, 13
Suppose 51*p - 301518 = -47793. List the prime factors of p.
5, 199
Let g(o) = 6*o**2 - 21*o - 70. What are the prime factors of g(-4)?
2, 5, 11
Suppose -19*h + 22035 = -14*h + 2*i, 0 = 3*h - 3*i - 13200. What are the prime factors of h?
5, 881
Let y(v) = 3 - 2 - 6 + 3*v. Let q be y(2). Let p(g) = 31*g - 2. What are the prime factors of p(q)?
29
Suppose 4*z = 3*n - 9, -z + 9 = 2*z + 3*n. Let y(g) = -2*g**2 + 3*g + 47. What are the prime factors of y(z)?
47
Let t(p) = -7*p - 1. Let i be t(-1). Let g be 4036/24 + (-1)/i. Suppose -7*z = -4*z - g. What are the prime factors of z?
2, 7
Let o(m) = -4*m + 7. Let p be o(5). Let s = 38 + p. List the prime factors of s.
5
Suppose -39*t = -37*t - 212. Suppose -4*m = i - 0*i - 7, 3*i - t = 5*m. What are the prime factors of i?
3
Let z(v) be the third derivative of v**4/12 - 7*v**3/6 + 142*v**2. Let g = 19 + -13. What are the prime factors of z(g)?
5
Let v = -1 - -8. Let t = 28 - v. What are the prime factors of 2 + -4 + t + 2?
3, 7
Let s(b) = b + 8. Let g be s(-5). Suppose g*h = 2*h + 24. What are the prime factors of h?
2, 3
Suppose 6 + 1 = 2*h + 3*b, -5*h + 6 = -4*b. Let t be 1/(h/16 + 0). Let y = t - 6. List the prime factors of y.
2
Suppose -10*o - 8*o = -88686. What are the prime factors of o?
13, 379
List the prime factors of ((-814)/110)/((-2)/330).
3, 11, 37
Suppose 12 = -3*r - 0, -u - 13 = r. Let g = -9 - u. Let f = g - -29. What are the prime factors of f?
29
Let s(o) = 105*o + 1. Let f be s(1). Suppose 3*q = -0*q - 5*w + 45, 0 = 5*q - 2*w - f. Suppose -10 - q = -5*p. List the prime factors of p.
2, 3
What are the prime factors of (-7 + 1)/((-12)/3906)?
3, 7, 31
Suppose -5*u = u + 144. List the prime factors of ((-94)/2 + 2)/(8/u).
3, 5
Let o(v) = -5*v - 31. Let y be o(-7). Suppose 5*a - 200 = f, y*a - 4*f = -3*f + 160. List the prime factors of a.
2, 5
Let h(w) = -w**3 - w**2 - w + 10. Let y be h(0). Let t = y + -41. Let g = -7 - t. What are the prime factors of g?
2, 3
Let u = -68 - -125. Suppose -u*r + 58*r = 17. List the prime factors of r.
17
Suppose 5*w = -4*p + 539, 5*w + 410 + 99 = 4*p. Let j = 68 + p. List the prime factors of j.
199
Let o be (-3)/9 - (-20)/6. Suppose -50 = 11*t - 270. Suppose t = -i + o*i. List the prime factors of i.
2, 5
Let a = -1 - 7. Let y(h) = -h. Let v(u) = -4*u - 3. Let s(p) = v(p) - 2*y(p). List the prime factors of s(a).
13
Let r(i) = i**2 + i + 25. Let t be r(0). Suppose 4 = -2*h + 10. Suppose 0 = -0*x - h*x + z + t, x + z - 7 = 0. List the prime factors of x.
2
Let t(z) = 5*z**2 - 8*z. Let g(j) = -j**2 - j. Let b(o) = 4*g(o) + t(o). Let k be b(10). What are the prime factors of (-87)/(-5) - (-8)/k?
17
Let q = -682 - -761. What are the prime factors of q?
79
Let f(s) = -s**3 + s**2 + s + 7. Let i be f(0). Let z(q) = i*q**2 + 26 - 4*q**3 + 5*q + 24 - 41 + 5*q**3. List th